 of f?
8
Suppose 3*x = 2*r + 2194 - 8237, -2*r = 4*x - 6078. What is the tens digit of r?
2
Let i be 2 - 2/(1 - 0). Suppose i*r + r = -x - 13, -5*r + 75 = -5*x. Let v = x - -32. What is the tens digit of v?
1
Suppose 3*t - 2*l - 57 = l, -3*t + 4*l = -61. Suppose -4*u - 4*s = 92, u + 5*s + 16 = -t. Let d = 22 + u. What is the units digit of d?
1
Suppose 0 = -23*s + 21*s + 196. Suppose 3*p - 6*b - 310 = -2*b, p = -4*b + s. What is the units digit of p?
2
Suppose 0 = d - 1, -3*x - 2*d - 13 = -8*x. Suppose -3 - 3 = -x*n. Suppose -l + 29 = v, n*l - 111 = -2*l + v. What is the units digit of l?
8
Suppose -454*g - 1818 = -460*g. What is the tens digit of g?
0
Suppose 0 = 3*y + b - 502, -2*y + y + b = -170. What is the tens digit of y?
6
Let t be 92/(-6)*(-135)/30. Let s = t - -39. What is the hundreds digit of s?
1
Suppose 21*j - 16614 - 42690 = 0. What is the hundreds digit of j?
8
Let w(q) = 4*q**2 + 2*q - 1. Let x be w(1). Suppose 0 = -x*z + 11*z - 228. What is the tens digit of z?
3
Suppose -4*v + 638 + 4334 = 4*t, 5*v - 5*t = 6205. What is the thousands digit of v?
1
Let a(c) = 4146*c**2 - 32*c - 33. What is the units digit of a(-1)?
5
Let l(h) = -h**3 - 4*h**2 - 5*h - 4. Let z = 5 + -8. Let c be l(z). Suppose -c*d = 4*g - 7*d - 59, -g = -d - 14. What is the units digit of g?
1
Let a be (894/9)/(2/(-6)). What is the hundreds digit of a/(-2) + (1 - (5 + -1))?
1
Suppose -700 = -13*v + 652. What is the tens digit of (442/v)/(1/28)?
1
Let c be 14/21 + (-22)/6. Let i = c + 7. Suppose 3*u - 2*n - 34 - 18 = 0, -i*n = -5*u + 90. What is the units digit of u?
4
Suppose 0*m + 4*m = -5*b - 1928, -5*b + 457 = -m. What is the tens digit of ((-16)/(-24))/((-2)/m)?
5
Suppose 2*w + 0*m = -m + 5303, -2*w - 2*m + 5308 = 0. What is the hundreds digit of w?
6
Suppose -32*a = -17*a - 6960. What is the units digit of a?
4
What is the units digit of (-4)/(-6)*(198/4 - 0)?
3
Suppose -3*h = -3*i - 5901, 2829 + 5054 = 4*h - i. What is the hundreds digit of h?
9
Let x be (8/14)/(2/14). Suppose 4*q = 4*i - 13 + 69, -2*q = x*i + 44. Let d = -6 - i. What is the units digit of d?
6
Let s be 1/(-5) + 341/55. Let g(a) = 2*a - 7. Let r be g(s). Suppose 0 = -4*v + r*v - c - 12, -4*c = 2*v. What is the units digit of v?
8
Let i(f) = -f**3 + 6*f**2 + 6*f - 2. Suppose -3*l + 11 = -x + l, -3*x - 2*l + 23 = 0. What is the tens digit of i(x)?
5
Suppose -18*z + 1285 = -1037. What is the hundreds digit of z?
1
Let c = -5 - 37. Let q = 205 + c. What is the units digit of q?
3
Suppose 2*a + 1 - 23 = 0. Suppose -a*j + 50 = -9*j. What is the units digit of j?
5
Suppose -m + 4*n = -5*m - 8, -14 = -5*m + n. Suppose 0*j + m*j - 140 = 0. What is the units digit of j?
0
Suppose -4*z + 348 = -2*g, 4*z - 3*g - 192 = 156. What is the tens digit of z?
8
Suppose -u = -5*w + 7, 0*w - 9 = -u + w. Let h = -9 + u. Suppose -2*z + 21 = -4*m - 21, 84 = h*z - 2*m. What is the tens digit of z?
2
Suppose 0 = 3*a - 3, 2*a - 1494 = -5*s - 2*a. Let f = s + -201. What is the units digit of f?
7
Suppose 0 = -5*j + 5. Let p be 6/(j - 2/(-4)). Suppose -m + 5*u - 80 = -p*m, -4*m + 72 = -2*u. What is the units digit of m?
0
Let q be (-33)/2*800/(-24). Let m = -378 + q. What is the units digit of m?
2
Let c(h) = -h**3 + 15*h**2 + 15*h + 23. What is the hundreds digit of c(14)?
4
Let m(x) be the second derivative of -x**5/20 - 5*x**4/6 + 5*x**3/6 - 13*x**2/2 - 9*x. Let o be m(-12). Suppose 0 = -l - 4*l + o. What is the units digit of l?
3
Suppose -2*l = 5*i + 246 + 136, 3*i = -4*l - 218. Let g = -11 - i. What is the units digit of g?
7
Suppose 2*j + 41 = 13. Let k = j + 36. What is the units digit of k?
2
Let w = 472 - -1020. What is the tens digit of w?
9
Let q(g) = -2*g**3 - 22*g**2 + 15*g + 3. What is the hundreds digit of q(-12)?
1
Let j be -4 + 1 + 6/1. What is the units digit of ((-1164)/(-8))/j*2?
7
Suppose -2*k + 3*k + 5*d - 3 = 0, 2*d = 0. Suppose k*f = 4*z, -z = 4*f + 14 + 5. Let c = f - -21. What is the tens digit of c?
1
Suppose -5*s - 3468 - 4652 = -5*c, 5*s - 3269 = -2*c. What is the units digit of c?
7
Let u be 486 - 3/((-15)/10). Suppose -4*k + v + 798 = k, -u = -3*k - 4*v. What is the hundreds digit of k?
1
Let w(b) = 2*b**3 - b**2 - 4. Let v be w(2). What is the hundreds digit of (7 - v)*-311*1?
3
Let d be 9/(0/2 + -1). Let n = -7 + d. Let s(j) = j**2 + 14*j - 4. What is the tens digit of s(n)?
2
Let g(w) = w**3 + 8*w**2 - 9*w + 2. Let r be g(-9). Suppose r*j + 48 = 4*j. Suppose 3*q = 5*q - j. What is the units digit of q?
2
Suppose -a = 15 - 89. Suppose -g + a = -p, -4*g + 7*p - 2*p = -297. What is the units digit of g?
3
Let k(q) = q**2 - q - 1. Let c be k(2). Let l(j) = -j**3 - 7*j**2 - j + 7. Let v be l(-7). Let n = v - c. What is the tens digit of n?
1
Let b(m) = -8*m**3 + 6*m**2 + 15*m + 9. What is the hundreds digit of b(-4)?
5
Let b(x) = -x**2 + 11*x + 5. Let u be (-9 - -5) + (-11)/(-1). What is the tens digit of b(u)?
3
Let z(b) = b**2 + 11*b + 12. Let r be z(-8). What is the units digit of (-664)/2*3/r?
3
Suppose -2*y + 53 = l + y, 275 = 5*l + 5*y. What is the units digit of 3*l/(-12)*-3?
2
Suppose l + 3919 = 4*g, 2*g = 8*l - 9*l + 1955. What is the tens digit of g?
7
Suppose 2*t + 50 = -x + 897, 5*t + 10 = 0. What is the tens digit of x?
5
Suppose 0 = 67*j - 65*j - 1514. What is the units digit of j?
7
Let p = 3007 - 1453. What is the thousands digit of p?
1
Let t(o) be the first derivative of -o**4/12 + 3*o**3/2 + 5*o**2/2 - 7*o + 5. Let r(q) be the first derivative of t(q). What is the units digit of r(9)?
5
Suppose 2*c + 5*f - 793 = 0, -2*c - f + 2*f + 763 = 0. What is the hundreds digit of c?
3
Let c(z) = -11*z - 5. Let u be c(-2). Suppose -3*x = u - 32. Suppose -x*f + 92 = -33. What is the units digit of f?
5
Let i(n) = 2*n + 78 - 3*n - 17. What is the tens digit of i(0)?
6
Let i(a) = 3*a**2 + 4*a - 4. Let s be i(-4). Let y = s - 24. Suppose -c = -2*g - y*c - 8, 0 = -4*g - 2*c. What is the units digit of g?
2
Let x(j) = j**3 + 7*j**2 + 7*j - 2. Let q(n) = -5*n**3 - 34*n**2 - 36*n + 11. Let y(a) = 2*q(a) + 11*x(a). What is the tens digit of y(-8)?
2
Let d = -276 + 457. What is the hundreds digit of d?
1
Let o be (-1)/(3 + (-332)/110). Let x = -32 + o. What is the tens digit of x?
2
Let b = -161 + 282. Suppose 3*s = -b + 409. What is the units digit of s?
6
Suppose -s + 0*s = 5*t - 317, t - s - 61 = 0. What is the tens digit of t?
6
Suppose 2*p + l - 48 = 0, -2*p + 2*l + 2 = -40. What is the tens digit of p?
2
Suppose -4 = 5*u - 19. Suppose -u*t + 169 = -77. What is the units digit of t?
2
What is the units digit of -6*8/32 + 865/2?
1
Suppose -4*g - 1546 = -3*d, -5*d + 2554 = 4*g - 5*g. What is the tens digit of d?
1
What is the units digit of 483 - (-7)/((-28)/(-12))?
6
Let k(y) = -y**3 - y**2 - y. Let l = 16 + -17. Let q be k(l). What is the units digit of (-1)/(q/(-3)*3)?
1
Let a be 15/(-8) + 10/(-80). What is the tens digit of (a + 1 - 0)*420/(-10)?
4
Suppose 5*h = 3*l + 2, 4*l + 7*h - 2*h - 44 = 0. Suppose -l = -5*z + 9. Suppose -w = 3, z*n + 62 = 7*n + 2*w. What is the tens digit of n?
1
Let b(d) = 58*d**2 + 21*d - 5. What is the hundreds digit of b(2)?
2
Let u = 890 - 448. What is the hundreds digit of u?
4
What is the tens digit of (-583)/(-2) - 9/(-18)?
9
Let g(a) = 6 - a**3 + a**3 + a**3 - 5*a - 7*a**2. Let r(y) = -y**3 - 4*y**2 + 14*y + 20. Let m be r(-6). What is the units digit of g(m)?
0
What is the tens digit of -20 - -25 - 1130/(-2)?
7
Let o be (124/(-36) + 3)/(8/(-36)). Suppose -3*t + t = o*s - 60, -2*s = -2*t - 64. What is the tens digit of s?
3
Let c be 24/20*10/3. Suppose -c*a - 5*j = -25, a = -2*j + 7 + 3. Suppose -2*y + 0*y + 46 = a. What is the units digit of y?
3
Let n = -4245 - -7063. What is the units digit of n?
8
Let v be 2/(-6)*(-9 - -3). Suppose 3*a = -3*c + 138, -v*c = -3*a - a - 104. What is the units digit of c?
8
What is the units digit of 36/((-5)/300*-3)?
0
Let v = 16 + 0. Suppose 0 = -2*d + 2*m + v, 4*d - d - m - 16 = 0. Suppose -t + j = -12, d*t = -0*t + j + 48. What is the tens digit of t?
1
Let z be 6/12 - 27/6. Let y be (-1)/(z + 6)*18. Let p = y + 19. What is the units digit of p?
0
What is the units digit of (-6)/(-2) - 4/(8/(-930))?
8
Suppose 1684 = 2*g + 2*r, -5*g + 4*g + r + 850 = 0. What is the hundreds digit of g?
8
Suppose 5*x = 36 - 16.